{"id":145,"date":"2017-05-15T17:25:38","date_gmt":"2017-05-15T15:25:38","guid":{"rendered":"http:\/\/www.vivaterr.bzh\/rance-emeraude\/?page_id=145"},"modified":"2018-06-13T20:16:38","modified_gmt":"2018-06-13T18:16:38","slug":"leconomie-vivante","status":"publish","type":"page","link":"http:\/\/www.vivaterr.bzh\/rance-emeraude\/le-projet-ble-noir\/leconomie-vivante\/","title":{"rendered":"L&rsquo;Economie Vivante"},"content":{"rendered":"<p><strong>Constat<\/strong><\/p>\n<p>Depuis toujours, l\u2019\u00eatre humain a d\u00e9velopp\u00e9 son \u00e9conomie en b\u00e9n\u00e9ficiant de la richesse des syst\u00e8mes vivants qui lui assurent sa s\u00e9curit\u00e9, en particulier alimentaire, et son bien-\u00eatre. Pourtant, l\u2019\u00e9conomie moderne s\u2019en est peu \u00e0 peu \u00e9loign\u00e9e et a privil\u00e9gi\u00e9 un syst\u00e8me dont la finalit\u00e9 est l\u2019individualisme au d\u00e9triment du Bien commun : c\u2019est l\u2019\u00e9conomie financi\u00e8re dont le moteur est la maximisation du profit personnel. Nous constatons simplement que nous sommes au bout de cette exp\u00e9rience. En effet, bien que ce mod\u00e8le ait apport\u00e9 une certaine prosp\u00e9rit\u00e9 \u00e0 une partie de l\u2019humanit\u00e9, il est maintenant dans une impasse, car il ne peut plus r\u00e9soudre les probl\u00e8mes qu\u2019il engendre.<\/p>\n<p><strong>Une r\u00e9ponse bio-inspir\u00e9e<\/strong><\/p>\n<p>L\u2019\u00e9conomie vivante propose une voie d\u2019avenir afin de poursuivre le progr\u00e8s en associant nos technologies, et notre savoir-faire avec les syst\u00e8mes vivants. Elle est une concurrente de l&rsquo;\u00e9conomie financi\u00e8re et vise \u00e0 remettre le bien-\u00eatre humain comme obectif de l&rsquo;activit\u00e9 humaine. Recommen\u00e7ons \u00e0 observer la vie pour la comprendre, nous en inspirer, et surtout nous int\u00e9grer dans son fonctionnement. Les principes sont constants depuis des milliards d\u2019ann\u00e9es : <strong>coop\u00e9rer<\/strong> dans la <strong>diversit\u00e9<\/strong> pour garantir la cr\u00e9ativit\u00e9 et la capacit\u00e9 d\u2019adaptation. L\u2019objectif est bien \u00e9conomique : retrouver une nouvelle voie de cr\u00e9ation de valeurs.\u00a0La valeur cr\u00e9\u00e9e n\u2019est pas simplement fiduciaire, mais englobe toutes les valeurs, \u00e0 commencer par les valeurs humaines.<\/p>\n<p><strong>D\u00e9finition et principe de l&rsquo;\u00e9conomie vivante<\/strong><\/p>\n<p>L\u2019\u00e9conomie vivante s\u2019inspire du fonctionnement des syst\u00e8mes vivants pour maximiser les relations et la diversit\u00e9. Son objectif est la co-cr\u00e9ation de valeur pour la production de Bien et de Service, par les \u00e9changes de biens et de services, et la juste r\u00e9partition de la valeur cr\u00e9\u00e9e. Elle est en concurrence avec l\u2019\u00e9conomie financi\u00e8re dont l\u2019objectif est simplement lamaximisation du profit pour chaque agent \u00e9conomique. Le terme de co-cr\u00e9ation reconna\u00eet que l\u2019homme ne cr\u00e9e jamais seul, mais c\u2019est bien le principe de relation dans la diversit\u00e9 propre aux syst\u00e8mes vivants qui permet la cr\u00e9ation de valeur. Cette co-cr\u00e9ation est r\u00e9alis\u00e9e entre les hommes et femmes d\u2019une m\u00eame communaut\u00e9 (entreprise, association, autres organisations informelles\u2026) toujours en lien et relation avec les syst\u00e8mes vivants du territoire. La valeur cr\u00e9\u00e9e n\u2019est pas simplement fiduciaire, mais englobe toutes les valeurs, \u00e0 commencer par les valeurs humaines. La juste r\u00e9partition de la valeur cr\u00e9\u00e9e r\u00e9pond \u00e0 la notion de co-cr\u00e9ation, en appelant \u00e0 l\u2019\u00e9quit\u00e9, en particulier en faveur du bien commun.<\/p>\n<p><iframe loading=\"lazy\" width=\"750\" height=\"422\" src=\"https:\/\/www.youtube.com\/embed\/rOXfubV7_RA?feature=oembed\" frameborder=\"0\" allowfullscreen><\/iframe><\/p>\n","protected":false},"excerpt":{"rendered":"<p>Constat Depuis toujours, l\u2019\u00eatre humain a d\u00e9velopp\u00e9 son \u00e9conomie en b\u00e9n\u00e9ficiant de la richesse des syst\u00e8mes vivants qui lui assurent sa s\u00e9curit\u00e9, en particulier alimentaire, et son bien-\u00eatre. Pourtant, l\u2019\u00e9conomie moderne s\u2019en est peu \u00e0 peu \u00e9loign\u00e9e et a privil\u00e9gi\u00e9 un syst\u00e8me dont la finalit\u00e9 est l\u2019individualisme au d\u00e9triment du\u2026<\/p>\n<p> <a class=\"continue-reading-link\" href=\"http:\/\/www.vivaterr.bzh\/rance-emeraude\/le-projet-ble-noir\/leconomie-vivante\/\"><span>Continue reading<\/span><i class=\"crycon-right-dir\"><\/i><\/a> <\/p>\n","protected":false},"author":3,"featured_media":0,"parent":30,"menu_order":0,"comment_status":"closed","ping_status":"closed","template":"","meta":[],"_links":{"self":[{"href":"http:\/\/www.vivaterr.bzh\/rance-emeraude\/wp-json\/wp\/v2\/pages\/145"}],"collection":[{"href":"http:\/\/www.vivaterr.bzh\/rance-emeraude\/wp-json\/wp\/v2\/pages"}],"about":[{"href":"http:\/\/www.vivaterr.bzh\/rance-emeraude\/wp-json\/wp\/v2\/types\/page"}],"author":[{"embeddable":true,"href":"http:\/\/www.vivaterr.bzh\/rance-emeraude\/wp-json\/wp\/v2\/users\/3"}],"replies":[{"embeddable":true,"href":"http:\/\/www.vivaterr.bzh\/rance-emeraude\/wp-json\/wp\/v2\/comments?post=145"}],"version-history":[{"count":10,"href":"http:\/\/www.vivaterr.bzh\/rance-emeraude\/wp-json\/wp\/v2\/pages\/145\/revisions"}],"predecessor-version":[{"id":307,"href":"http:\/\/www.vivaterr.bzh\/rance-emeraude\/wp-json\/wp\/v2\/pages\/145\/revisions\/307"}],"up":[{"embeddable":true,"href":"http:\/\/www.vivaterr.bzh\/rance-emeraude\/wp-json\/wp\/v2\/pages\/30"}],"wp:attachment":[{"href":"http:\/\/www.vivaterr.bzh\/rance-emeraude\/wp-json\/wp\/v2\/media?parent=145"}],"curies":[{"name":"wp","href":"https:\/\/api.w.org\/{rel}","templated":true}]}}