{"id":30,"date":"2017-05-11T11:24:39","date_gmt":"2017-05-11T09:24:39","guid":{"rendered":"http:\/\/www.vivaterr.bzh\/rance-emeraude\/?page_id=30"},"modified":"2018-06-13T20:16:38","modified_gmt":"2018-06-13T18:16:38","slug":"le-projet-ble-noir","status":"publish","type":"page","link":"http:\/\/www.vivaterr.bzh\/rance-emeraude\/le-projet-ble-noir\/","title":{"rendered":"L&rsquo;op\u00e9ration Bl\u00e9 Noir"},"content":{"rendered":"<p><img decoding=\"async\" loading=\"lazy\" class=\"alignright wp-image-247\" src=\"http:\/\/www.vivaterr.bzh\/rance-emeraude\/wp-content\/uploads\/2017\/05\/IMG_0510-300x225.jpg\" alt=\"\" width=\"277\" height=\"208\" srcset=\"http:\/\/www.vivaterr.bzh\/rance-emeraude\/wp-content\/uploads\/2017\/05\/IMG_0510-300x225.jpg 300w, http:\/\/www.vivaterr.bzh\/rance-emeraude\/wp-content\/uploads\/2017\/05\/IMG_0510-768x576.jpg 768w, http:\/\/www.vivaterr.bzh\/rance-emeraude\/wp-content\/uploads\/2017\/05\/IMG_0510-1024x768.jpg 1024w, http:\/\/www.vivaterr.bzh\/rance-emeraude\/wp-content\/uploads\/2017\/05\/IMG_0510-150x113.jpg 150w\" sizes=\"(max-width: 277px) 100vw, 277px\" \/>L&rsquo;objectif de cette op\u00e9ration est de d\u00e9velopper un nouveau mod\u00e8le de gestion du territoire qui permette d\u2019allier \u00e9conomie et \u00e9cologie, sur l\u2019ensemble de la fili\u00e8re du bl\u00e9 noir. La r\u00e9introduction du bl\u00e9 noir dans le Pays de Rance permet \u00e0 la fois\u00a0de r\u00e9pondre \u00e0 une forte demande locale, de retrouver une culture traditionnelle, et de b\u00e9n\u00e9ficier des nombreux avantages de cette culture :<\/p>\n<ul>\n<li>Culture saine : pas d&rsquo;engrais ni de produits phytosanitaires.<\/li>\n<li>Valorise des terres pauvres<\/li>\n<li>Favorise les pollinisateurs : la floraison dure 2 mois<\/li>\n<li>Favorise le tourisme : la floraison est en juillet-ao\u00fbt<\/li>\n<\/ul>\n<p>Cette op\u00e9ration a\u00a0aussi pour objectif de mettre en \u0153uvre\u00a0l\u2019<a href=\"http:\/\/www.vivaterr.bzh\/rance-emeraude\/le-projet-ble-noir\/leconomie-vivante\/\" target=\"_blank\" rel=\"noopener noreferrer\">Economie Vivante<\/a> et de d\u00e9montrer ses int\u00e9r\u00eats \u00e9cologiques et socio-\u00e9conomiques.<\/p>\n<p>L&rsquo;op\u00e9ration est d\u00e9velopp\u00e9e sur le territoire du futur Parc Naturel R\u00e9gional Rance c\u00f4te d&rsquo;Emeraude \u00e9tendue \u00e0 l&rsquo;Est sur les zones correspondant aux EPCI de \u00ab\u00a0Dol de Bretagne \/ Baie du Mont St Michel\u00a0\u00bb et de \u00ab\u00a0Combourg Bretagne Romantique\u00a0\u00bb.<\/p>\n<p>La phase d\u2019exp\u00e9rimentation est pr\u00e9vue sur 3 ans afin de pouvoir b\u00e9n\u00e9ficier de retours d\u2019exp\u00e9riences.<\/p>\n<p><iframe loading=\"lazy\" width=\"750\" height=\"422\" src=\"https:\/\/www.youtube.com\/embed\/tZ_IBjR77ho?feature=oembed\" frameborder=\"0\" allowfullscreen><\/iframe><\/p>\n","protected":false},"excerpt":{"rendered":"<p>L&rsquo;objectif de cette op\u00e9ration est de d\u00e9velopper un nouveau mod\u00e8le de gestion du territoire qui permette d\u2019allier \u00e9conomie et \u00e9cologie, sur l\u2019ensemble de la fili\u00e8re du bl\u00e9 noir. La r\u00e9introduction du bl\u00e9 noir dans le Pays de Rance permet \u00e0 la fois\u00a0de r\u00e9pondre \u00e0 une forte demande locale, de retrouver\u2026<\/p>\n<p> <a class=\"continue-reading-link\" href=\"http:\/\/www.vivaterr.bzh\/rance-emeraude\/le-projet-ble-noir\/\"><span>Continue reading<\/span><i class=\"crycon-right-dir\"><\/i><\/a> <\/p>\n","protected":false},"author":3,"featured_media":0,"parent":0,"menu_order":0,"comment_status":"closed","ping_status":"closed","template":"","meta":[],"_links":{"self":[{"href":"http:\/\/www.vivaterr.bzh\/rance-emeraude\/wp-json\/wp\/v2\/pages\/30"}],"collection":[{"href":"http:\/\/www.vivaterr.bzh\/rance-emeraude\/wp-json\/wp\/v2\/pages"}],"about":[{"href":"http:\/\/www.vivaterr.bzh\/rance-emeraude\/wp-json\/wp\/v2\/types\/page"}],"author":[{"embeddable":true,"href":"http:\/\/www.vivaterr.bzh\/rance-emeraude\/wp-json\/wp\/v2\/users\/3"}],"replies":[{"embeddable":true,"href":"http:\/\/www.vivaterr.bzh\/rance-emeraude\/wp-json\/wp\/v2\/comments?post=30"}],"version-history":[{"count":15,"href":"http:\/\/www.vivaterr.bzh\/rance-emeraude\/wp-json\/wp\/v2\/pages\/30\/revisions"}],"predecessor-version":[{"id":334,"href":"http:\/\/www.vivaterr.bzh\/rance-emeraude\/wp-json\/wp\/v2\/pages\/30\/revisions\/334"}],"wp:attachment":[{"href":"http:\/\/www.vivaterr.bzh\/rance-emeraude\/wp-json\/wp\/v2\/media?parent=30"}],"curies":[{"name":"wp","href":"https:\/\/api.w.org\/{rel}","templated":true}]}}

L&rsquo;opération Blé Noir

<p><img decoding="async" loading="lazy" class="alignright wp-image-247" src="http://www.vivaterr.bzh/rance-emeraude/wp-content/uploads/2017/05/IMG_0510-300x225.jpg" alt="" width="277" height="208" srcset="http://www.vivaterr.bzh/rance-emeraude/wp-content/uploads/2017/05/IMG_0510-300x225.jpg 300w, http://www.vivaterr.bzh/rance-emeraude/wp-content/uploads/2017/05/IMG_0510-768x576.jpg 768w, http://www.vivaterr.bzh/rance-emeraude/wp-content/uploads/2017/05/IMG_0510-1024x768.jpg 1024w, http://www.vivaterr.bzh/rance-emeraude/wp-content/uploads/2017/05/IMG_0510-150x113.jpg 150w" sizes="(max-width: 277px) 100vw, 277px" />L&rsquo;objectif de cette opération est de développer un nouveau modèle de gestion du territoire qui permette d’allier économie et écologie, sur l’ensemble de la filière du blé noir. La réintroduction du blé noir dans le Pays de Rance permet à la fois de répondre à une forte demande locale, de retrouver une culture traditionnelle, et de bénéficier des nombreux avantages de cette culture :</p>
<ul>
<li>Culture saine : pas d&rsquo;engrais ni de produits phytosanitaires.</li>
<li>Valorise des terres pauvres</li>
<li>Favorise les pollinisateurs : la floraison dure 2 mois</li>
<li>Favorise le tourisme : la floraison est en juillet-août</li>
</ul>
<p>Cette opération a aussi pour objectif de mettre en œuvre l’<a href="http://www.vivaterr.bzh/rance-emeraude/le-projet-ble-noir/leconomie-vivante/" target="_blank" rel="noopener noreferrer">Economie Vivante</a> et de démontrer ses intérêts écologiques et socio-économiques.</p>
<p>L&rsquo;opération est développée sur le territoire du futur Parc Naturel Régional Rance côte d&rsquo;Emeraude étendue à l&rsquo;Est sur les zones correspondant aux EPCI de « Dol de Bretagne / Baie du Mont St Michel » et de « Combourg Bretagne Romantique ».</p>
<p>La phase d’expérimentation est prévue sur 3 ans afin de pouvoir bénéficier de retours d’expériences.</p>
<p><iframe loading="lazy" width="750" height="422" src="https://www.youtube.com/embed/tZ_IBjR77ho?feature=oembed" frameborder="0" allowfullscreen></iframe></p>

<p>L&rsquo;objectif de cette opération est de développer un nouveau modèle de gestion du territoire qui permette d’allier économie et écologie, sur l’ensemble de la filière du blé noir. La réintroduction du blé noir dans le Pays de Rance permet à la fois de répondre à une forte demande locale, de retrouver…</p>
<p> <a class="continue-reading-link" href="http://www.vivaterr.bzh/rance-emeraude/le-projet-ble-noir/"><span>Continue reading</span><i class="crycon-right-dir"></i></a> </p>
