{"id":33,"date":"2017-05-11T11:24:39","date_gmt":"2017-05-11T09:24:39","guid":{"rendered":"http:\/\/www.vivaterr.bzh\/rance-emeraude\/?page_id=33"},"modified":"2018-06-13T20:16:39","modified_gmt":"2018-06-13T18:16:39","slug":"qui-sommes-nous","status":"publish","type":"page","link":"http:\/\/www.vivaterr.bzh\/rance-emeraude\/qui-sommes-nous\/","title":{"rendered":"Qui sommes nous ?"},"content":{"rendered":"<p>ViVaTerr Rance Emeraude est une <strong>association<\/strong> de loi 1901, cr\u00e9\u00e9e \u00e0 l&rsquo;initiative du Centre des Jeunes Dirigeants Emeraude et de la Commune de Pleudihen-sur-Rance. Elle regroupe des acteurs du territoire partageant une aspiration au changement. Ces acteurs dans leur diversit\u00e9 ne se connaissaient pas tous et ne partageaient pas les m\u00eames objectifs professionnels. Cependant, ils \u00e9taient tous convaincus que le syst\u00e8me actuel ne r\u00e9pondait pas \u00e0 leurs aspirations personnelles, ce qui se traduisait par une r\u00e9elle inqui\u00e9tude sur l&rsquo;avenir. Confort\u00e9s par une confiance partag\u00e9e, tous se sont retrouv\u00e9s dans un projet collectif dont l&rsquo;objectif \u00e9tait avant tout de <strong>replacer l&rsquo;activit\u00e9 \u00e9conomique au service de leur territoire<\/strong>. La d\u00e9marche qui visait initialement \u00e0 exp\u00e9rimenter s&rsquo;est peu \u00e0 peu transform\u00e9e en une v\u00e9ritable volont\u00e9 de changement.<\/p>\n<p>Cette association comprend :<\/p>\n<ul>\n<li>des partenaires associatifs et institutionnels : Le <a href=\"http:\/\/www.cjd.net\/president\/162948\" target=\"_blank\" rel=\"noopener noreferrer\">CJD Emeraude<\/a> et la commune de <a href=\"http:\/\/www.pleudihen.fr\/\" target=\"_blank\" rel=\"noopener noreferrer\">Pleudihen-sur-Rance<\/a><\/li>\n<li>un coordinateur syst\u00e9mique : <a href=\"http:\/\/reizhan.bzh\/\" target=\"_blank\" rel=\"noopener noreferrer\">Reizhan<\/a><\/li>\n<li>un conseiller technique ind\u00e9pendant : <a href=\"http:\/\/www.ter-qualitechs.fr\/\" target=\"_blank\" rel=\"noopener noreferrer\">Ter-Qualitechs<\/a><\/li>\n<li>des agriculteurs<\/li>\n<li>des transformateurs : la <a href=\"http:\/\/www.minoterie-de-roncin.fr\/\" target=\"_blank\" rel=\"noopener noreferrer\">minoterie de Roncin<\/a> et les\u00a0<a href=\"http:\/\/www.galettes-bertel.fr\/\" target=\"_blank\" rel=\"noopener noreferrer\">Galettes Bertel<\/a><\/li>\n<li>des apiculteurs<\/li>\n<li>un comit\u00e9 scientifique : INRA, Agro ParisTech, Humanit\u00e9 et biodiversit\u00e9\u2026<\/li>\n<\/ul>\n","protected":false},"excerpt":{"rendered":"<p>ViVaTerr Rance Emeraude est une association de loi 1901, cr\u00e9\u00e9e \u00e0 l&rsquo;initiative du Centre des Jeunes Dirigeants Emeraude et de la Commune de Pleudihen-sur-Rance. Elle regroupe des acteurs du territoire partageant une aspiration au changement. Ces acteurs dans leur diversit\u00e9 ne se connaissaient pas tous et ne partageaient pas les\u2026<\/p>\n<p> <a class=\"continue-reading-link\" href=\"http:\/\/www.vivaterr.bzh\/rance-emeraude\/qui-sommes-nous\/\"><span>Continue reading<\/span><i class=\"crycon-right-dir\"><\/i><\/a> <\/p>\n","protected":false},"author":3,"featured_media":0,"parent":0,"menu_order":0,"comment_status":"closed","ping_status":"closed","template":"","meta":[],"_links":{"self":[{"href":"http:\/\/www.vivaterr.bzh\/rance-emeraude\/wp-json\/wp\/v2\/pages\/33"}],"collection":[{"href":"http:\/\/www.vivaterr.bzh\/rance-emeraude\/wp-json\/wp\/v2\/pages"}],"about":[{"href":"http:\/\/www.vivaterr.bzh\/rance-emeraude\/wp-json\/wp\/v2\/types\/page"}],"author":[{"embeddable":true,"href":"http:\/\/www.vivaterr.bzh\/rance-emeraude\/wp-json\/wp\/v2\/users\/3"}],"replies":[{"embeddable":true,"href":"http:\/\/www.vivaterr.bzh\/rance-emeraude\/wp-json\/wp\/v2\/comments?post=33"}],"version-history":[{"count":13,"href":"http:\/\/www.vivaterr.bzh\/rance-emeraude\/wp-json\/wp\/v2\/pages\/33\/revisions"}],"predecessor-version":[{"id":330,"href":"http:\/\/www.vivaterr.bzh\/rance-emeraude\/wp-json\/wp\/v2\/pages\/33\/revisions\/330"}],"wp:attachment":[{"href":"http:\/\/www.vivaterr.bzh\/rance-emeraude\/wp-json\/wp\/v2\/media?parent=33"}],"curies":[{"name":"wp","href":"https:\/\/api.w.org\/{rel}","templated":true}]}}