{"id":344,"date":"2017-09-10T18:24:41","date_gmt":"2017-09-10T16:24:41","guid":{"rendered":"http:\/\/www.vivaterr.bzh\/rance-emeraude\/?page_id=344"},"modified":"2018-06-13T20:16:39","modified_gmt":"2018-06-13T18:16:39","slug":"partenaires-2","status":"publish","type":"page","link":"http:\/\/www.vivaterr.bzh\/rance-emeraude\/partenaires-2\/","title":{"rendered":"Partenaires"},"content":{"rendered":"<h1><strong><em>Entre Terre et Mer<br \/>\n<\/em><\/strong><\/h1>\n<p><a href=\"http:\/\/entreterreetmer.bzh\"><strong><em><img decoding=\"async\" class=\"img-responsive\" src=\"http:\/\/entreterreetmer.bzh\/wp-content\/uploads\/2017\/03\/logo_entre_terre_et_mer-2.png\" alt=\"Le Pays de Rance-Emeraude, territoire historique entre terre et mer, des gens de caract\u00e8re\" width=\"100px\" \/><\/em><\/strong><\/a><\/p>\n<p><a href=\"http:\/\/entreterreetmer.bzh\">http:\/\/entreterreetmer.bzh<\/a><\/p>\n<p>L\u2019objet de l&rsquo;association est le suivant :<\/p>\n<p><span class=\"im\"><b><i>Faire \u00e9merger, accompagner et promouvoir toutes initiatives et actions contribuant \u00e0 participer \u00e0 la valorisation du patrimoine historique, naturel\u00a0\u00a0maritime, b\u00e2ti et humain du Pays de Rance-Emeraude\u00a0:\u00a0\u00a0\u00bb\u00a0un territoire entre terre et mer, des gens de caract\u00e8re\u00a0\u00bb.<\/i><\/b><\/span><\/p>\n<p>Pour ce faire, nous nous proposons d\u2019organiser des visites, des promenades sur terre et en mer, des participations \u00e0 des manifestations et projets, des rendez-vous \u00e0 caract\u00e8re culturel et amical, illustrant de mani\u00e8re concr\u00e8te et vivante la qualit\u00e9 de notre territoire\u00a0<strong><em>\u00ab\u00a0Entre terre et mer\u00a0\u00bb<\/em><\/strong>.<\/p>\n<p>Nos propositions s\u2019adresseront en priorit\u00e9\u00a0\u00e0 nos membres et \u00e0 ceux qui se seront inscrits sur notre site ou par mail\u00a0\u00a0conform\u00e9ment \u00e0\u00a0l\u2019<strong><em>article 5 de nos statuts<\/em><\/strong>, rappel\u00e9 ci-apr\u00e8s :<\/p>\n<p><strong><em>L\u2019association \u00ab\u00a0TERRE ET MER\u00a0\u00bb se compose de\u00a0:<\/em><\/strong><\/p>\n<p><strong><em>Membres actifs\u00a0: <\/em><\/strong>la qualit\u00e9 de membre actif est conf\u00e9r\u00e9e par le Conseil d\u2019Administration. Un membre actif, au-del\u00e0 de son adh\u00e9sion, apporte sa contribution active, r\u00e9guli\u00e8re et b\u00e9n\u00e9vole (disponibilit\u00e9 en temps ou apport en nature) au fonctionnement de l\u2019association <strong><em>\u00ab\u00a0ENTRE TERRE ET MER\u00a0\u00bb<\/em><\/strong> et \u00e0 celle de ses activit\u00e9s.<\/p>\n<p><strong><em>Membres bienfaiteurs\u00a0: <\/em><\/strong>la qualit\u00e9 de membre bienfaiteur est attribu\u00e9e par l\u2019Assembl\u00e9e g\u00e9n\u00e9rale de l\u2019association aux personnes physiques ou morales qui versent un don \u00e0 l\u2019association.<\/p>\n<p><strong><em>Membres adh\u00e9rents\u00a0: <\/em><\/strong>la qualit\u00e9 d\u2019adh\u00e9rent s\u2019acquiert par le paiement de la cotisation et la signature de la charte. Seuls les membres adh\u00e9rents, personnes physiques ou personnes morales, \u00e0 jour de leur cotisation, sont autoris\u00e9s \u00e0 participer \u00e0 la vie de l\u2019Association (votes \u00e0 l\u2019Assembl\u00e9e G\u00e9n\u00e9rale et \u00e9lection du Conseil d\u2019Administration).<\/p>\n<p><strong><em>Membres inscrits\u00a0: <\/em><\/strong>la qualit\u00e9 de membre inscrit est attribu\u00e9e \u00e0 toute personne physique ou morale int\u00e9ress\u00e9e par la d\u00e9marche, qui s\u2019est inscrite sur le site pour recevoir les mails d\u2019information d\u00e9crivant r\u00e9guli\u00e8rement\u00a0 les \u00e9v\u00e9nements et les initiatives de l\u2019Association. Cette qualit\u00e9 ne donne pas lieu \u00e0 un paiement de cotisation, ni \u00e0 une participation active \u00e0 la vie de l\u2019Association.<\/p>\n<p><strong><em>L\u2019inscription sur notre site est donc gratuite, et ce dans un esprit d\u2019ouverture et de mobilisation autour de notre objectif. <\/em><\/strong><\/p>\n<p><strong><em>Elle permet de recevoir, par mail, nos lettres d\u2019information sur les \u00e9v\u00e9nements que nous proposons. Seule une participation personnelle et concr\u00e8te \u00e0 ces \u00e9v\u00e9nements fera\u00a0l\u2019objet de remboursements de frais li\u00e9s aux co\u00fbts techniques et divers que nous pourrions engager<\/em><\/strong><\/p>\n<p>&nbsp;<\/p>\n<h1>Coeur Rance Emeraude<\/h1>\n<p><a href=\"http:\/\/pnr-rance-emeraude.fr\"><img decoding=\"async\" loading=\"lazy\" class=\"header__logo-image\" src=\"http:\/\/www.pnr-rance-emeraude.fr\/sites\/pnr-rance-emeraude.fr\/files\/coeur-emeraude_logo.png\" alt=\"Accueil\" width=\"115\" height=\"118\" \/><\/a><\/p>\n<p><a href=\"http:\/\/pnr-rance-emeraude.fr\">http:\/\/pnr-rance-emeraude.fr <\/a><\/p>\n<div class=\"view-header\">\n<p>Le Comit\u00e9 Op\u00e9rationnel des Elus et Usagers de la Rance et de la C\u00f4te d\u2019Emeraude est une association de loi 1901 qui rassemble \u00e0 la fois des collectivit\u00e9s et des acteurs socioprofessionnels et associatifs. Cet \u00ab\u00a0outil\u00a0\u00bb original et op\u00e9rationnel poursuit trois missions principales :<\/p>\n<p>&#8211; le projet de Parc naturel r\u00e9gional Rance C\u00f4te d\u2019Emeraude, sous mandat de la R\u00e9gion Bretagne<\/p>\n<p>&#8211; la gestion p\u00e9renne et la valorisation des s\u00e9diments de la Rance et des estuaires de la C\u00f4te d&rsquo;Emeraude<\/p>\n<p>&#8211; l&rsquo;animation d\u2019un programme d\u2019actions pour la qualit\u00e9 de l\u2019eau et des milieux aquatiques sur le bassin versant \u00ab Rance aval Faluns Guinefort \u00bb<\/p>\n<p>Au service du territoire Rance C\u00f4te d&rsquo;Emeraude, il initie ou conduit des projets et accompagne les collectivit\u00e9s dans leurs actions en lien avec l\u2019environnement et la pr\u00e9servation\/valorisation des patrimoines (conseil, montage de dossiers, mise en place de partenariats\u2026).<\/p>\n<\/div>\n","protected":false},"excerpt":{"rendered":"<p>Entre Terre et Mer http:\/\/entreterreetmer.bzh L\u2019objet de l&rsquo;association est le suivant : Faire \u00e9merger, accompagner et promouvoir toutes initiatives et actions contribuant \u00e0 participer \u00e0 la valorisation du patrimoine historique, naturel\u00a0\u00a0maritime, b\u00e2ti et humain du Pays de Rance-Emeraude\u00a0:\u00a0\u00a0\u00bb\u00a0un territoire entre terre et mer, des gens de caract\u00e8re\u00a0\u00bb. Pour ce faire,\u2026<\/p>\n<p> <a class=\"continue-reading-link\" href=\"http:\/\/www.vivaterr.bzh\/rance-emeraude\/partenaires-2\/\"><span>Continue reading<\/span><i class=\"crycon-right-dir\"><\/i><\/a> <\/p>\n","protected":false},"author":3,"featured_media":0,"parent":0,"menu_order":0,"comment_status":"closed","ping_status":"closed","template":"","meta":[],"_links":{"self":[{"href":"http:\/\/www.vivaterr.bzh\/rance-emeraude\/wp-json\/wp\/v2\/pages\/344"}],"collection":[{"href":"http:\/\/www.vivaterr.bzh\/rance-emeraude\/wp-json\/wp\/v2\/pages"}],"about":[{"href":"http:\/\/www.vivaterr.bzh\/rance-emeraude\/wp-json\/wp\/v2\/types\/page"}],"author":[{"embeddable":true,"href":"http:\/\/www.vivaterr.bzh\/rance-emeraude\/wp-json\/wp\/v2\/users\/3"}],"replies":[{"embeddable":true,"href":"http:\/\/www.vivaterr.bzh\/rance-emeraude\/wp-json\/wp\/v2\/comments?post=344"}],"version-history":[{"count":3,"href":"http:\/\/www.vivaterr.bzh\/rance-emeraude\/wp-json\/wp\/v2\/pages\/344\/revisions"}],"predecessor-version":[{"id":347,"href":"http:\/\/www.vivaterr.bzh\/rance-emeraude\/wp-json\/wp\/v2\/pages\/344\/revisions\/347"}],"wp:attachment":[{"href":"http:\/\/www.vivaterr.bzh\/rance-emeraude\/wp-json\/wp\/v2\/media?parent=344"}],"curies":[{"name":"wp","href":"https:\/\/api.w.org\/{rel}","templated":true}]}}