{"id":36,"date":"2017-05-11T11:24:40","date_gmt":"2017-05-11T09:24:40","guid":{"rendered":"http:\/\/www.vivaterr.bzh\/rance-emeraude\/?page_id=36"},"modified":"2019-05-04T12:23:46","modified_gmt":"2019-05-04T10:23:46","slug":"historique","status":"publish","type":"page","link":"http:\/\/www.vivaterr.bzh\/rance-emeraude\/historique\/","title":{"rendered":"Historique du projet"},"content":{"rendered":"<p>Le projet \u00ab ViVaTerr Rance-Emeraude\u00a0\u00bb\u00a0a \u00e9t\u00e9 initi\u00e9 en 2015 par une association d\u2019entrepreneurs locaux, le Centre des Jeunes Dirigeants (CJD) \u00c9meraude, \u00e0 partir d&rsquo;un groupe de r\u00e9flexion sur le th\u00e8me \u00ab\u00a0<a href=\"http:\/\/www.oetopia.fr\/definition-de-leconomie-vivante\/\" target=\"_blank\" rel=\"noopener noreferrer\">Economie Vivante<\/a> au service du territoire\u00a0\u00bb. Ce groupe a permis la rencontre de Patrice Valantin et de David Boixi\u00e8re, alors directeur de l&rsquo;entreprise Galettes Bertel, fabricant de galettes de sarrasin sur la commune de Pleudihen-sur-Rance et qui recherchait un approvisionnement local en bl\u00e9 noir.<img decoding=\"async\" loading=\"lazy\" class=\"size-medium wp-image-267 alignright\" src=\"http:\/\/www.vivaterr.bzh\/rance-emeraude\/wp-content\/uploads\/2017\/05\/Equipe-bl\u00e9-noir-300x169.jpg\" alt=\"\" width=\"300\" height=\"169\" srcset=\"http:\/\/www.vivaterr.bzh\/rance-emeraude\/wp-content\/uploads\/2017\/05\/Equipe-bl\u00e9-noir-300x169.jpg 300w, http:\/\/www.vivaterr.bzh\/rance-emeraude\/wp-content\/uploads\/2017\/05\/Equipe-bl\u00e9-noir-768x432.jpg 768w, http:\/\/www.vivaterr.bzh\/rance-emeraude\/wp-content\/uploads\/2017\/05\/Equipe-bl\u00e9-noir-150x84.jpg 150w, http:\/\/www.vivaterr.bzh\/rance-emeraude\/wp-content\/uploads\/2017\/05\/Equipe-bl\u00e9-noir.jpg 883w\" sizes=\"(max-width: 300px) 100vw, 300px\" \/><\/p>\n<p>Depuis les ann\u00e9es 1960, la Bretagne est pass\u00e9e \u00a0d&rsquo;une culture vivri\u00e8re \u00e0 70 % de bl\u00e9 noir import\u00e9 des pays de l&rsquo;Est, de Chine et du Canada. La r\u00e9flexion sur l&rsquo;<a href=\"http:\/\/www.oetopia.fr\/definition-de-leconomie-vivante\/\" target=\"_blank\" rel=\"noopener noreferrer\">Economie Vivante<\/a> s&rsquo;est donc concr\u00e9tis\u00e9e par le d\u00e9veloppement d&rsquo;une fili\u00e8re de bl\u00e9 noir sur le territoire de Rance-Emeraude.<\/p>\n<p>L&rsquo;ann\u00e9e 2016 a \u00e9t\u00e9 une ann\u00e9e d&rsquo;exp\u00e9rimentation pour valider la faisabilit\u00e9 et la viabilit\u00e9 \u00e9conomique de cette culture. Elle s&rsquo;est traduite par la mise en culture de 35ha de bl\u00e9 noir et la production de 30 tonnes de farine.10 agriculteurs du territoire ont particip\u00e9 \u00e0 l&rsquo;op\u00e9ration.<\/p>\n<p>Les conclusions ont \u00e9t\u00e9 tr\u00e8s favorables, et la viabilit\u00e9 \u00e9conomique confirm\u00e9e. D&rsquo;un point de vue environnemental et culturel, l&rsquo;int\u00e9r\u00eat est aussi d\u00e9montr\u00e9 : riverains et touristes retrouvent une culture traditionnelle de la Bretagne, harmonieuse et saine. La n\u00e9cessit\u00e9 d&rsquo;aller plus loin sur des aspects qui m\u00ealent \u00e9conomie et biodiversit\u00e9 est \u00e9galement apparue. Les r\u00e9unions d&rsquo;\u00e9changes qui ont suivi avec la commune ont confirm\u00e9 la volont\u00e9 de d\u00e9velopper ce projet territorial afin d\u2019en faire un atout pour la reconqu\u00eate de la biodiversit\u00e9 et la gestion du territoire.<\/p>\n<p>L&rsquo;ann\u00e9e 2017 a permis de semer sur 140 ha avec une vingtaine d&rsquo;agriculteurs, et 2018 250 ha avec 30 agriculteurs.<\/p>\n<p>L&rsquo;ambition est de poursuivre l&rsquo;\u00e9conomie vivante \u00e0 d&rsquo;autres cultures, en particulier le chanvre, qui est aussi une ressource traditionnelle de la Bretagne.<\/p>\n","protected":false},"excerpt":{"rendered":"<p>Le projet \u00ab ViVaTerr Rance-Emeraude\u00a0\u00bb\u00a0a \u00e9t\u00e9 initi\u00e9 en 2015 par une association d\u2019entrepreneurs locaux, le Centre des Jeunes Dirigeants (CJD) \u00c9meraude, \u00e0 partir d&rsquo;un groupe de r\u00e9flexion sur le th\u00e8me \u00ab\u00a0Economie Vivante au service du territoire\u00a0\u00bb. Ce groupe a permis la rencontre de Patrice Valantin et de David Boixi\u00e8re, alors\u2026<\/p>\n<p> <a class=\"continue-reading-link\" href=\"http:\/\/www.vivaterr.bzh\/rance-emeraude\/historique\/\"><span>Continue reading<\/span><i class=\"crycon-right-dir\"><\/i><\/a> <\/p>\n","protected":false},"author":3,"featured_media":0,"parent":0,"menu_order":0,"comment_status":"closed","ping_status":"closed","template":"","meta":[],"_links":{"self":[{"href":"http:\/\/www.vivaterr.bzh\/rance-emeraude\/wp-json\/wp\/v2\/pages\/36"}],"collection":[{"href":"http:\/\/www.vivaterr.bzh\/rance-emeraude\/wp-json\/wp\/v2\/pages"}],"about":[{"href":"http:\/\/www.vivaterr.bzh\/rance-emeraude\/wp-json\/wp\/v2\/types\/page"}],"author":[{"embeddable":true,"href":"http:\/\/www.vivaterr.bzh\/rance-emeraude\/wp-json\/wp\/v2\/users\/3"}],"replies":[{"embeddable":true,"href":"http:\/\/www.vivaterr.bzh\/rance-emeraude\/wp-json\/wp\/v2\/comments?post=36"}],"version-history":[{"count":14,"href":"http:\/\/www.vivaterr.bzh\/rance-emeraude\/wp-json\/wp\/v2\/pages\/36\/revisions"}],"predecessor-version":[{"id":352,"href":"http:\/\/www.vivaterr.bzh\/rance-emeraude\/wp-json\/wp\/v2\/pages\/36\/revisions\/352"}],"wp:attachment":[{"href":"http:\/\/www.vivaterr.bzh\/rance-emeraude\/wp-json\/wp\/v2\/media?parent=36"}],"curies":[{"name":"wp","href":"https:\/\/api.w.org\/{rel}","templated":true}]}}

<p>Le projet « ViVaTerr Rance-Emeraude » a été initié en 2015 par une association d’entrepreneurs locaux, le Centre des Jeunes Dirigeants (CJD) Émeraude, à partir d&rsquo;un groupe de réflexion sur le thème « <a href="http://www.oetopia.fr/definition-de-leconomie-vivante/" target="_blank" rel="noopener noreferrer">Economie Vivante</a> au service du territoire ». Ce groupe a permis la rencontre de Patrice Valantin et de David Boixière, alors directeur de l&rsquo;entreprise Galettes Bertel, fabricant de galettes de sarrasin sur la commune de Pleudihen-sur-Rance et qui recherchait un approvisionnement local en blé noir.<img decoding="async" loading="lazy" class="size-medium wp-image-267 alignright" src="http://www.vivaterr.bzh/rance-emeraude/wp-content/uploads/2017/05/Equipe-blé-noir-300x169.jpg" alt="" width="300" height="169" srcset="http://www.vivaterr.bzh/rance-emeraude/wp-content/uploads/2017/05/Equipe-blé-noir-300x169.jpg 300w, http://www.vivaterr.bzh/rance-emeraude/wp-content/uploads/2017/05/Equipe-blé-noir-768x432.jpg 768w, http://www.vivaterr.bzh/rance-emeraude/wp-content/uploads/2017/05/Equipe-blé-noir-150x84.jpg 150w, http://www.vivaterr.bzh/rance-emeraude/wp-content/uploads/2017/05/Equipe-blé-noir.jpg 883w" sizes="(max-width: 300px) 100vw, 300px" /></p>
<p>Depuis les années 1960, la Bretagne est passée  d&rsquo;une culture vivrière à 70 % de blé noir importé des pays de l&rsquo;Est, de Chine et du Canada. La réflexion sur l&rsquo;<a href="http://www.oetopia.fr/definition-de-leconomie-vivante/" target="_blank" rel="noopener noreferrer">Economie Vivante</a> s&rsquo;est donc concrétisée par le développement d&rsquo;une filière de blé noir sur le territoire de Rance-Emeraude.</p>
<p>L&rsquo;année 2016 a été une année d&rsquo;expérimentation pour valider la faisabilité et la viabilité économique de cette culture. Elle s&rsquo;est traduite par la mise en culture de 35ha de blé noir et la production de 30 tonnes de farine.10 agriculteurs du territoire ont participé à l&rsquo;opération.</p>
<p>Les conclusions ont été très favorables, et la viabilité économique confirmée. D&rsquo;un point de vue environnemental et culturel, l&rsquo;intérêt est aussi démontré : riverains et touristes retrouvent une culture traditionnelle de la Bretagne, harmonieuse et saine. La nécessité d&rsquo;aller plus loin sur des aspects qui mêlent économie et biodiversité est également apparue. Les réunions d&rsquo;échanges qui ont suivi avec la commune ont confirmé la volonté de développer ce projet territorial afin d’en faire un atout pour la reconquête de la biodiversité et la gestion du territoire.</p>
<p>L&rsquo;année 2017 a permis de semer sur 140 ha avec une vingtaine d&rsquo;agriculteurs, et 2018 250 ha avec 30 agriculteurs.</p>
<p>L&rsquo;ambition est de poursuivre l&rsquo;économie vivante à d&rsquo;autres cultures, en particulier le chanvre, qui est aussi une ressource traditionnelle de la Bretagne.</p>

<p>Le projet « ViVaTerr Rance-Emeraude » a été initié en 2015 par une association d’entrepreneurs locaux, le Centre des Jeunes Dirigeants (CJD) Émeraude, à partir d&rsquo;un groupe de réflexion sur le thème « Economie Vivante au service du territoire ». Ce groupe a permis la rencontre de Patrice Valantin et de David Boixière, alors…</p>
<p> <a class="continue-reading-link" href="http://www.vivaterr.bzh/rance-emeraude/historique/"><span>Continue reading</span><i class="crycon-right-dir"></i></a> </p>
