{"id":74,"date":"2017-05-11T12:24:37","date_gmt":"2017-05-11T10:24:37","guid":{"rendered":"http:\/\/www.vivaterr.bzh\/rance-emeraude\/?page_id=74"},"modified":"2018-06-13T20:16:39","modified_gmt":"2018-06-13T18:16:39","slug":"organisation","status":"publish","type":"page","link":"http:\/\/www.vivaterr.bzh\/rance-emeraude\/organisation\/","title":{"rendered":"Organisation"},"content":{"rendered":"<p>Un des r\u00f4les de l&rsquo;association ViVaTerr \u00e9tant de faire \u00e9merger des id\u00e9es et des solutions adapt\u00e9es au territoire, sa structure vise \u00e0 permettre l&rsquo;\u00e9change entre les tous acteurs. Elle est\u00a0organis\u00e9e en 5 coll\u00e8ges :<\/p>\n<ul>\n<li>Coll\u00e8ge Animateurs et r\u00e9f\u00e9rents techniques\u00a0: Reizhan et Ter-Qualitechs.<\/li>\n<li>Coll\u00e8ge Producteurs\u00a0: les agriculteurs, les apiculteurs.<\/li>\n<li>Coll\u00e8ge Transformateurs finaux\u00a0: Les Galettes Bertel, la Minoterie de Roncin, les autres transformateurs qui voudront s\u2019int\u00e9grer au projet.<\/li>\n<li>Coll\u00e8ge Acteurs territoriaux\u00a0: commune de Pleudihen, CJD, association C\u0153ur Emeraude\u2026<\/li>\n<li>Coll\u00e8ge Citoyens\u00a0: les \u00ab\u00a0consomm\u2019acteurs\u00a0\u00bb int\u00e9ress\u00e9s par le dynamisme de leur territoire.<\/li>\n<\/ul>\n<p>Le comit\u00e9 scientifique aura\u00a0un r\u00f4le de consultation.<\/p>\n<p>&nbsp;<\/p>\n","protected":false},"excerpt":{"rendered":"<p>Un des r\u00f4les de l&rsquo;association ViVaTerr \u00e9tant de faire \u00e9merger des id\u00e9es et des solutions adapt\u00e9es au territoire, sa structure vise \u00e0 permettre l&rsquo;\u00e9change entre les tous acteurs. Elle est\u00a0organis\u00e9e en 5 coll\u00e8ges : Coll\u00e8ge Animateurs et r\u00e9f\u00e9rents techniques\u00a0: Reizhan et Ter-Qualitechs. Coll\u00e8ge Producteurs\u00a0: les agriculteurs, les apiculteurs. Coll\u00e8ge Transformateurs\u2026<\/p>\n<p> <a class=\"continue-reading-link\" href=\"http:\/\/www.vivaterr.bzh\/rance-emeraude\/organisation\/\"><span>Continue reading<\/span><i class=\"crycon-right-dir\"><\/i><\/a> <\/p>\n","protected":false},"author":3,"featured_media":0,"parent":0,"menu_order":0,"comment_status":"closed","ping_status":"closed","template":"","meta":[],"_links":{"self":[{"href":"http:\/\/www.vivaterr.bzh\/rance-emeraude\/wp-json\/wp\/v2\/pages\/74"}],"collection":[{"href":"http:\/\/www.vivaterr.bzh\/rance-emeraude\/wp-json\/wp\/v2\/pages"}],"about":[{"href":"http:\/\/www.vivaterr.bzh\/rance-emeraude\/wp-json\/wp\/v2\/types\/page"}],"author":[{"embeddable":true,"href":"http:\/\/www.vivaterr.bzh\/rance-emeraude\/wp-json\/wp\/v2\/users\/3"}],"replies":[{"embeddable":true,"href":"http:\/\/www.vivaterr.bzh\/rance-emeraude\/wp-json\/wp\/v2\/comments?post=74"}],"version-history":[{"count":4,"href":"http:\/\/www.vivaterr.bzh\/rance-emeraude\/wp-json\/wp\/v2\/pages\/74\/revisions"}],"predecessor-version":[{"id":242,"href":"http:\/\/www.vivaterr.bzh\/rance-emeraude\/wp-json\/wp\/v2\/pages\/74\/revisions\/242"}],"wp:attachment":[{"href":"http:\/\/www.vivaterr.bzh\/rance-emeraude\/wp-json\/wp\/v2\/media?parent=74"}],"curies":[{"name":"wp","href":"https:\/\/api.w.org\/{rel}","templated":true}]}}